 7*v - 12, -v + 5 = 2*i. Let z(p) = 3 + 2 - 7 - v*p**2 + 4*p**2. Calculate z(-2).
2
Let g(i) = -4*i**3 + 3*i**2 + 4*i - 9. Let k(o) be the first derivative of -1/2*o**2 + 0*o**3 - o - 1/4*o**4 + 4. Let h(w) = -g(w) + 3*k(w). Calculate h(4).
-6
Let k be (1 + -1)*(-2)/(-6). Suppose -t + 0*t + 4 = k. Let z(l) = 1 + l - 1 + t. What is z(4)?
8
Let b = -175 + 169. Let w(y) = 17*y + 29. Let s(l) = -6*l - 10. Let f be 1/(0 - 3/(-33)). Let z(i) = f*s(i) + 4*w(i). What is z(b)?
-6
Let r = 466 + -455. Let i(h) = -h**3 + 11*h**2 + h - 2. What is i(r)?
9
Let i(d) = -7*d - 3. Let w be 3 + (6 - (-65)/(-5)). Calculate i(w).
25
Suppose 2*k = 0, 6*k = 5*h + 11*k - 20. Let b(t) = -t**3 + 3*t**2 + 2*t - 1. Determine b(h).
-9
Let c(a) = a**3 + 4*a**2 - 5. Let m = -30 - -29. Let q be (-147)/35 - m/10*2. What is c(q)?
-5
Suppose -a = -3*a - 4. Let b(f) = f. Let q = -113 + 107. Let p(k) = 2*k**2 + 8*k - 1. Let d(v) = q*b(v) + p(v). Give d(a).
3
Let q(i) = i**3 - i**2 + i. Let j(k) be the first derivative of 3*k**4/4 - 7*k**3/3 + 7*k**2/2 - 2*k + 4. Let v(f) = j(f) - 4*q(f). What is v(2)?
-16
Let u be ((-2)/5)/((-1)/5). Suppose -2*s = -2*q - 4*s + 12, 0 = 3*q - u*s - 8. Let o(i) = 7*i - 4*i - 275 + 542 - 272. Calculate o(q).
7
Let h(j) = 5*j - 26. Let y be h(6). Let i(d) = 7*d + y*d + 2*d - 16*d + 7. Let w(u) = -u**2 - 12*u - 6. Let b be w(-11). Give i(b).
-8
Let m(b) be the first derivative of 0*b + 1/2*b**2 - 17. Give m(-2).
-2
Let m(o) = -o**3 + 4*o**2 + 5*o + 3. Suppose 0 = 5*d - 73 - 177. Let v = -45 + d. Determine m(v).
3
Let j(t) = -t**2 + 3*t + 2. Let c be (-2)/12 - (-50)/12. Let y be (-2 + (-8)/c)*4. Let b = 21 + y. What is j(b)?
-8
Let z(g) be the first derivative of -2*g**3/3 - 7*g**2 - 9*g - 62. Give z(-9).
-45
Suppose -5*z + 32 = 7*x, 0 = 10*x - 15*x + z. Let v(m) = -7*m**3 + m - 1 - m**2 + 1. Determine v(x).
-7
Let j(z) = -13*z - 1. Let m(o) = -3*o. Let h(g) = -2*j(g) + 9*m(g). Let k(b) = b**2 + 2. Let w be k(2). What is h(w)?
-4
Let t(k) = -2*k + 3*k**3 + k**3 - 2*k**2 - 6*k**3 + 3*k**3. Give t(2).
-4
Suppose 0 = 3*r - r - 8. Let t(m) = m**2 - 3 + 6*m + 1 - r - 2*m**2. Let k be t(5). Let w(c) = 9*c**3 - c. What is w(k)?
-8
Let o(v) = -v. Let s(z) = z**3 + 21*z**2 - 19*z + 54. Let w be s(-22). Let b(g) = 3*g + 31. Let t be b(w). Give o(t).
5
Let g(h) = -h - 7. Let b be g(-8). Let i be 4*((-7)/4)/b. Let r(a) = -a - 7. What is r(i)?
0
Let p(a) be the third derivative of -a**4/12 + 11*a**3/6 - 2*a**2 - 41*a. Calculate p(9).
-7
Suppose -v + 5 = t, -12*v = -11*v - 4*t - 20. Let i(f) = -f**2 + 7*f + 2. Give i(v).
-6
Suppose -5 = 2*c - 7*c. Suppose 5*j + 3*f - c = 0, 5 = -j - 2*j + f. Let b(q) = -q - 3 + 3. Give b(j).
1
Suppose 0 = -2*g + 6, 4*v - 17 = 2*v - 3*g. Let l(r) = r - 1. Let x(t) = -2*t - 5. Let u(m) = v*l(m) + x(m). Give u(6).
3
Let h(w) = -6*w - 2. Let o(x) = 11*x + 3. Let p be (-1)/4 - (-45)/(-12). Let g(m) = p*o(m) - 7*h(m). Suppose -160*s = -157*s - 6. Give g(s).
-2
Let h(n) = n**2 - 6*n + 2. Let j be h(7). Let c(p) = p**2 - 5*p + 7. Calculate c(j).
43
Let p(l) = 13*l**2 - 76*l - 16. Let g be p(6). Let u(o) = -3*o**3 - o**2 + 3*o - 2. Let z(f) = 4*f**3 - 4*f + 1. Let a(q) = 3*u(q) + 2*z(q). What is a(g)?
8
Suppose -4*n + 1 = -5*n. Let g(r) = 25*r**2 - r - 1. Calculate g(n).
25
Let y = 26 - 18. Suppose 5*h = y*h. Let r(a) = a**3 + a**2 + a + 16. What is r(h)?
16
Suppose 0*i + 5*j = -3*i, -j = -4*i. Let f(m) = i*m + 0 + 0 - 4 - 2*m. Let n(s) = -2*s**2 - 15*s - 15. Let v be n(-6). What is f(v)?
-10
Let y(r) be the third derivative of r**4/24 + r**3/3 + 20*r**2 - 2. Give y(4).
6
Let c = 1855 - 1845. Let r(d) = -d + 6. Give r(c).
-4
Let w = -5 + 13. Let a be w/(-16) - (-3)/2. Let p(y) = -4*y**3 + 2*y - 1. Give p(a).
-3
Let b(f) = -f**2 + 4*f + 1. Suppose 2*a = -49 + 53. Let x = 1 - 1. Let d be a + (-3)/(-3 + x). Determine b(d).
4
Let u(t) = 2*t**2 - 6*t - 1. Let y(v) = 3*v**2 + 2*v + 5. Let m(c) = 2*u(c) - y(c). What is m(15)?
8
Let q = -12 - -8. Let o(p) = -p. Let u be (-16)/40*(-2 + -1 + 8). Let j(k) = k. Let t(g) = u*o(g) - j(g). Calculate t(q).
-4
Let s(q) = -q - 7. Let v(y) = -6*y - 35. Let f(k) = -11*s(k) + 2*v(k). Let p(g) = -24 + 97*g - 25*g - 33*g - 34*g. Let n be p(6). Calculate f(n).
1
Let y(j) = 17*j**2 - 3*j - 27. Let x(a) = 8*a**2 - 2*a - 13. Let c(o) = -13*x(o) + 6*y(o). What is c(4)?
7
Let j(l) = -l - 1 + 8*l**2 - l**2 - 6*l**2. Calculate j(3).
5
Suppose 4*v - 29 + 40 = -t, 0 = 2*t + 2*v - 2. Let x(n) = 4 - 2*n - 4. Give x(t).
-10
Let g(k) = k**2 - 4*k + 4. Let f = 30 - 2. Suppose 0 = -8*r - 4 + f. Determine g(r).
1
Let u(h) = -481*h - h**2 - 482*h + 963*h - 16. What is u(0)?
-16
Let m(x) be the first derivative of -13*x**4/4 + x**2/2 + 3. Let z = 338 + -337. What is m(z)?
-12
Let y = 1 - 0. Let o(x) be the second derivative of 0*x**2 + 0*x**3 + 0 - 2*x - 2/3*x**4. Determine o(y).
-8
Let y = -36 + 29. Let f(w) = w**3 + 8*w**2 + 9*w + 16. Let k be f(y). Let x(a) = a**3 - 4*a**2 + 2. Give x(k).
-6
Let m(f) be the second derivative of f**8/3360 + f**7/1260 - f**6/360 - f**5/60 - 2*f**4/3 + 7*f. Let b(g) be the third derivative of m(g). What is b(2)?
18
Let v(s) be the second derivative of s**4/12 - s**3/3 - s**2/2 + s. Suppose -n = -8 - 14. Suppose -3*o + n = 8*o. Determine v(o).
-1
Let o(f) be the first derivative of 0*f + 0*f**2 - 7/3*f**3 + 1 - 1/120*f**5 + 7/24*f**4. Let x(s) be the third derivative of o(s). Determine x(6).
1
Suppose -9*o + i - 7 = -5*o, -3*o - 3 = -3*i. Let l(w) = -w. Give l(o).
2
Let i(x) be the first derivative of x**2 - 2 - 1/3*x**3 - 3*x. Suppose 8 = r - 4*m - 11, 0 = -2*r + m + 10. Calculate i(r).
-6
Let w(x) = 0 - 23 + 9 + 3*x + 11 - 2*x**3. Determine w(2).
-13
Suppose 0 = -r - 2*c + 1, 2*c = 2*r + 4*c + 4. Let l(m) = -m**2 + m. Let t be l(0). Let w(s) = -5*s - 3*s**2 + s**2 + t + s**2 - 1. Calculate w(r).
-1
Let i(w) = 4*w + 3. Let b be i(0). Let k(o) = -4 - o - o**2 - b*o - 2*o. What is k(-7)?
-11
Let v(n) be the first derivative of -2*n - 14*n**2 + 4*n**2 + 11*n**2 + 4. Give v(2).
2
Let p be 1 + -6 - (-119 - 13)/11. Let h(c) = 3 - c + 5 + c**2 - 8*c. Give h(p).
-6
Let b(q) = 4*q + 9. Let v(g) = -3*g - 23. Let f be v(-8). Let w(j) = -j. Let p(m) = f*b(m) + 5*w(m). Calculate p(5).
4
Let u(l) be the first derivative of l**2/2 + 15*l + 154. Give u(-21).
-6
Suppose 4*f + 2*w - 4*w + 10 = 0, -2*w = -3*f - 6. Let x(j) = -j**2 + 1. Let h be x(-1). Let d(b) = 4 + b**2 + h*b + b + 3*b + 0*b. Calculate d(f).
4
Suppose -3*h - 6 = 2*v, -h + 2*h + 4 = 0. Let o = -32 - -52. Suppose w = -v*w + o. Let t(f) = f. Determine t(w).
5
Let g(z) = -7*z + 6. Let r be g(-1). Let s(f) = r + 16 + f - 27. Calculate s(7).
9
Let b(c) = -3*c + 45. Suppose 16*s + 90*s - 1590 = 0. Give b(s).
0
Suppose -14 = -4*s - 6. Let l(j) = s*j - 7*j + 5*j + j. Give l(-8).
-8
Suppose -88 = -5*p - 2*q, 0 = -4*p - 3*q + 36 + 40. Let z(x) = -1 - 1 + 13*x - p*x. Let v(a) = a**3 + 6*a**2 + 5*a - 2. Let b be v(-5). Determine z(b).
4
Let q(o) be the first derivative of 2*o**2 + 4*o - 550. Determine q(-1).
0
Let k be (20/50)/(2/(17 - -3)). Let a(i) be the second derivative of 0 - 2/3*i**3 + 1/12*i**4 + i**2 + k*i. Determine a(3).
-1
Let h(i) be the first derivative of -4*i + 17 + 0*i**2 + 1/3*i**3. Calculate h(3).
5
Suppose 3156*x + 4 = 3152*x. Let q(u) = 31*u**3 + 2*u**2 + 2*u + 1. Calculate q(x).
-30
Suppose -z + 4 = -2*z. Let f(s) = 13*s**2 + 17*s + 4. Let i(q) = -11*q**2 - 15*q - 4. Let b(c) = 5*f(c) + 6*i(c). Determine b(z).
0
Let t(v) = -13*v**2 - v - 7. Let f(h) be the third derivative of -5*h**2 + 0 + 0*h + 13/60*h**5 + 1/24*h**4 + h**3. Let w(c) = 7*f(c) + 6*t(c). Determine w(1).
14
Let o(c) = c**2 + 5*c + 2. Suppose 2*z + 270 - 260 = 0. Determine o(z).
2
Let p(y) = -y**2 - 6*y - 3. Let j be p(-5). Let i(w) = -w**3 + 5*w**2 - 4*w + 3. Let o be i(4). Let z(q) = 4*q**2 - j + 1 - q**o - q**2 + 6*q. Calculate z(4).
7
Let r(n) = 3*n**2 + 2*n + 4. Let j be ((-7)/7 - 0)*3. Give r(j).
25
Let r be 4/14 + 1660/70. Suppose 15*o = 18*o - r. Suppose f + 0 = o. Let d(t) = -t**2 + 8*t + 2. Determine d(f).
2
Let s(q) = 6*q**2 - 3*q + 2. Suppose -19*v = -20*v + 1. Calculate s(v).
5
Let m = 21 + -16. Suppose -m*l - 1 = -21. Suppose 3*a - 5 = l. Let i(j) = j. Calculate i(a).
3
Let l(f) = f + 2. Suppose 4 = -p + 2*r, -2*p + 0*r + 2*r - 4 = 0. Let z be l(p). Let v(k) = 